{"id":123,"date":"2024-01-28T20:06:19","date_gmt":"2024-01-28T19:06:19","guid":{"rendered":"https:\/\/callexpert.eu\/?page_id=123"},"modified":"2024-03-21T20:48:15","modified_gmt":"2024-03-21T19:48:15","slug":"call-center","status":"publish","type":"page","link":"https:\/\/callexpert.eu\/?page_id=123","title":{"rendered":"Call Center"},"content":{"rendered":"\n<p class=\"has-text-align-center has-black-color has-white-background-color has-text-color has-background has-link-color has-medium-font-size wp-elements-eb01def5b60207d0d876c598cad28105\">A call center szolg\u00e1ltat\u00e1s egy olyan \u00fczleti megold\u00e1s, amely lehet\u0151v\u00e9 teszi a v\u00e1llalatok sz\u00e1m\u00e1ra, hogy hat\u00e9konyan kezelj\u00e9k a telefonos, esetenk\u00e9nt elektronikus (pl. e-mail, chat) \u00fcgyf\u00e9lkapcsolataikat .Ezek a k\u00f6zpontok kulcsfontoss\u00e1g\u00faak az \u00fcgyf\u00e9lszolg\u00e1lat, a technikai t\u00e1mogat\u00e1s, az \u00e9rt\u00e9kes\u00edt\u00e9s, a piacon val\u00f3 jelenl\u00e9t \u00e9s az \u00fcgyf\u00e9lkapcsolatok kezel\u00e9s\u00e9ben. A call center szolg\u00e1ltat\u00e1sok sz\u00e9les sk\u00e1l\u00e1j\u00e1t fedik le, az \u00fcgyf\u00e9lszolg\u00e1latt\u00f3l kezdve az \u00e9rt\u00e9kes\u00edt\u00e9sen \u00e1t a technikai t\u00e1mogat\u00e1sig.<\/p>\n\n\n\n<p class=\"has-text-align-center has-white-color has-vivid-cyan-blue-background-color has-text-color has-background has-link-color wp-elements-ab89d50f5f0a2e6b30b79a37b2a0ef5b\"><strong>Miben tudunk \u00d6n\u00f6knek seg\u00edteni, egy\u00fcttm\u0171k\u00f6dni ?<\/strong><\/p>\n\n\n\n<p class=\"has-text-align-center has-black-color has-pale-cyan-blue-background-color has-text-color has-background has-link-color wp-elements-2f8d259e8e3648b61b90173866fc0c62\"><strong>Bej\u00f6v\u0151 h\u00edv\u00e1sok kezel\u00e9se (Inbound)<\/strong><\/p>\n\n\n\n<div class=\"wp-block-media-text is-stacked-on-mobile is-image-fill has-black-color has-vivid-cyan-blue-background-color has-text-color has-background has-link-color wp-elements-4e83557f0a8ba8726d0d872a07fe152d\" style=\"grid-template-columns:49% auto\"><figure class=\"wp-block-media-text__media\" style=\"background-image:url(http:\/\/callexpert.eu\/wp-content\/uploads\/2024\/01\/dreamstime_xxl_56186998-2-1024x585.jpg);background-position:50% 50%\"><a href=\"http:\/\/callexpert.eu\/wp-content\/uploads\/2024\/01\/dreamstime_xxl_56186998-2-scaled.jpg\"><img loading=\"lazy\" decoding=\"async\" width=\"1024\" height=\"585\" src=\"http:\/\/callexpert.eu\/wp-content\/uploads\/2024\/01\/dreamstime_xxl_56186998-2-1024x585.jpg\" alt=\"\" class=\"wp-image-63 size-full\" srcset=\"https:\/\/callexpert.eu\/wp-content\/uploads\/2024\/01\/dreamstime_xxl_56186998-2-1024x585.jpg 1024w, https:\/\/callexpert.eu\/wp-content\/uploads\/2024\/01\/dreamstime_xxl_56186998-2-300x171.jpg 300w, https:\/\/callexpert.eu\/wp-content\/uploads\/2024\/01\/dreamstime_xxl_56186998-2-768x439.jpg 768w, https:\/\/callexpert.eu\/wp-content\/uploads\/2024\/01\/dreamstime_xxl_56186998-2-1536x878.jpg 1536w, https:\/\/callexpert.eu\/wp-content\/uploads\/2024\/01\/dreamstime_xxl_56186998-2-2048x1170.jpg 2048w\" sizes=\"(max-width: 1024px) 100vw, 1024px\" \/><\/a><\/figure><div class=\"wp-block-media-text__content\">\n<ul>\n<li class=\"has-small-font-size\"><strong>\u00dcgyf\u00e9lszolg\u00e1lat<\/strong>: \u00dcgyfelek h\u00edv\u00e1sainak fogad\u00e1sa, k\u00e9rd\u00e9seik megv\u00e1laszol\u00e1sa, panaszaik kezel\u00e9se.<\/li>\n\n\n\n<li class=\"has-small-font-size\"><strong>Technikai t\u00e1mogat\u00e1s<\/strong>: Technikai seg\u00edts\u00e9gny\u00fajt\u00e1s vagy probl\u00e9mamegold\u00e1s \u00fcgyfeleknek telefonon vagy online csatorn\u00e1kon kereszt\u00fcl.<\/li>\n\n\n\n<li class=\"has-small-font-size\"><strong>Id\u0151pontfoglal\u00e1s \u00e9s inform\u00e1ci\u00f3szolg\u00e1ltat\u00e1s<\/strong>: Id\u0151pontok egyeztet\u00e9se, term\u00e9kekkel vagy szolg\u00e1ltat\u00e1sokkal kapcsolatos inform\u00e1ci\u00f3k biztos\u00edt\u00e1sa.<\/li>\n<\/ul>\n<\/div><\/div>\n\n\n\n<hr class=\"wp-block-separator has-text-color has-vivid-cyan-blue-color has-alpha-channel-opacity has-vivid-cyan-blue-background-color has-background is-style-default\"\/>\n\n\n\n<p class=\"has-text-align-center has-white-color has-vivid-cyan-blue-background-color has-text-color has-background has-link-color wp-elements-00be157a9510e0a0ff403a85ad35469b\"><strong>Kimen\u0151 h\u00edv\u00e1sok kezel\u00e9se (Outbound)<\/strong><\/p>\n\n\n\n<div class=\"wp-block-media-text is-stacked-on-mobile is-image-fill has-black-color has-vivid-cyan-blue-background-color has-text-color has-background has-link-color wp-elements-f99d0ee25d96fe78cf86f67e168dfd1b\" style=\"grid-template-columns:49% auto\"><figure class=\"wp-block-media-text__media\" style=\"background-image:url(http:\/\/callexpert.eu\/wp-content\/uploads\/2024\/03\/AdobeStock_301163587-1024x684.jpeg);background-position:50% 50%\"><img loading=\"lazy\" decoding=\"async\" width=\"1024\" height=\"684\" src=\"http:\/\/callexpert.eu\/wp-content\/uploads\/2024\/03\/AdobeStock_301163587-1024x684.jpeg\" alt=\"\" class=\"wp-image-304 size-full\"\/><\/figure><div class=\"wp-block-media-text__content\">\n<ul>\n<li class=\"has-small-font-size\"><strong>\u00c9rt\u00e9kes\u00edt\u00e9s \u00e9s prom\u00f3ci\u00f3k<\/strong>: Potenci\u00e1lis vagy megl\u00e9v\u0151 \u00fcgyfelek megkeres\u00e9se \u00faj term\u00e9kek, szolg\u00e1ltat\u00e1sok \u00e9rt\u00e9kes\u00edt\u00e9se vagy speci\u00e1lis aj\u00e1nlatok, prom\u00f3ci\u00f3k ismertet\u00e9se c\u00e9lj\u00e1b\u00f3l.<\/li>\n\n\n\n<li class=\"has-small-font-size\"><strong>Felhaszn\u00e1l\u00f3i visszajelz\u00e9sek \u00e9s piackutat\u00e1s<\/strong>: \u00dcgyfelek visszajelz\u00e9seinek gy\u0171jt\u00e9se, piaci trendek \u00e9s \u00fcgyf\u00e9lpreferenci\u00e1k kutat\u00e1sa \u00e9rdek\u00e9ben.<\/li>\n\n\n\n<li class=\"has-small-font-size\"><strong>Kintl\u00e9v\u0151s\u00e9g kezel\u00e9s<\/strong>: K\u00e9sedelmes fizet\u00e9sek kezel\u00e9se, p\u00e9nz\u00fcgyi rendez\u00e9s \u00f6szt\u00f6nz\u00e9se.<\/li>\n<\/ul>\n<\/div><\/div>\n\n\n\n<hr class=\"wp-block-separator has-text-color has-vivid-cyan-blue-color has-alpha-channel-opacity has-vivid-cyan-blue-background-color has-background\"\/>\n\n\n\n<p class=\"has-text-align-center has-white-color has-vivid-cyan-blue-background-color has-text-color has-background has-link-color has-medium-font-size wp-elements-868eb0c5bf2e3b00504f0b34d1f2f917\"><strong>Multichannel t\u00e1mogat\u00e1s<\/strong><\/p>\n\n\n\n<p><\/p>\n\n\n\n<div class=\"wp-block-media-text is-stacked-on-mobile is-image-fill has-black-color has-vivid-cyan-blue-background-color has-text-color has-background has-link-color wp-elements-6fcaabdaa519c455bf2078ab0cbe8e08\" style=\"grid-template-columns:49% auto\"><figure class=\"wp-block-media-text__media\" style=\"background-image:url(http:\/\/callexpert.eu\/wp-content\/uploads\/2024\/01\/iStock-1937352224-1024x767.jpg);background-position:50% 50%\"><img loading=\"lazy\" decoding=\"async\" width=\"1024\" height=\"767\" src=\"http:\/\/callexpert.eu\/wp-content\/uploads\/2024\/01\/iStock-1937352224-1024x767.jpg\" alt=\"\" class=\"wp-image-171 size-full\" srcset=\"https:\/\/callexpert.eu\/wp-content\/uploads\/2024\/01\/iStock-1937352224-1024x767.jpg 1024w, https:\/\/callexpert.eu\/wp-content\/uploads\/2024\/01\/iStock-1937352224-300x225.jpg 300w, https:\/\/callexpert.eu\/wp-content\/uploads\/2024\/01\/iStock-1937352224-768x575.jpg 768w, https:\/\/callexpert.eu\/wp-content\/uploads\/2024\/01\/iStock-1937352224-1536x1150.jpg 1536w, https:\/\/callexpert.eu\/wp-content\/uploads\/2024\/01\/iStock-1937352224-2048x1533.jpg 2048w\" sizes=\"(max-width: 1024px) 100vw, 1024px\" \/><\/figure><div class=\"wp-block-media-text__content\">\n<ul>\n<li class=\"has-small-font-size\"><strong>E-mail kezel\u00e9s<\/strong>: \u00dcgyf\u00e9lszolg\u00e1lati \u00e9s t\u00e1mogat\u00e1si k\u00e9relmek kezel\u00e9se e-mailen kereszt\u00fcl.<\/li>\n\n\n\n<li class=\"has-small-font-size\"><strong>Chat t\u00e1mogat\u00e1s<\/strong>: \u00c9l\u0151 chat szolg\u00e1ltat\u00e1s ny\u00fajt\u00e1sa a weboldalon vagy az alkalmaz\u00e1sban, gyors v\u00e1laszad\u00e1ssal.<\/li>\n\n\n\n<li class=\"has-small-font-size\"><strong>Szoci\u00e1lis m\u00e9dia<\/strong>: \u00dcgyf\u00e9lszolg\u00e1lati t\u00e1mogat\u00e1s biztos\u00edt\u00e1sa a szoci\u00e1lis m\u00e9dia platformokon, bele\u00e9rtve a k\u00e9rd\u00e9sek megv\u00e1laszol\u00e1s\u00e1t \u00e9s a visszajelz\u00e9sek kezel\u00e9s\u00e9t.<\/li>\n<\/ul>\n<\/div><\/div>\n\n\n\n<hr class=\"wp-block-separator has-text-color has-vivid-cyan-blue-color has-alpha-channel-opacity has-vivid-cyan-blue-background-color has-background\"\/>\n\n\n\n<p><\/p>\n\n\n\n<p class=\"has-text-align-center has-white-color has-vivid-cyan-blue-background-color has-text-color has-background has-link-color wp-elements-52fbc9aea49f57e5f8b7ec371344d79c\"><strong>Speci\u00e1lis szolg\u00e1ltat\u00e1sok<\/strong><\/p>\n\n\n\n<div class=\"wp-block-media-text is-stacked-on-mobile is-image-fill has-black-color has-vivid-cyan-blue-background-color has-text-color has-background has-link-color wp-elements-afab5bff6126c793a3d6ec656734e068\" style=\"grid-template-columns:49% auto\"><figure class=\"wp-block-media-text__media\" style=\"background-image:url(http:\/\/callexpert.eu\/wp-content\/uploads\/2024\/03\/AdobeStock_194835852-1024x683.jpeg);background-position:50% 50%\"><img loading=\"lazy\" decoding=\"async\" width=\"1024\" height=\"683\" src=\"http:\/\/callexpert.eu\/wp-content\/uploads\/2024\/03\/AdobeStock_194835852-1024x683.jpeg\" alt=\"\" class=\"wp-image-319 size-full\" srcset=\"https:\/\/callexpert.eu\/wp-content\/uploads\/2024\/03\/AdobeStock_194835852-1024x683.jpeg 1024w, https:\/\/callexpert.eu\/wp-content\/uploads\/2024\/03\/AdobeStock_194835852-300x200.jpeg 300w, https:\/\/callexpert.eu\/wp-content\/uploads\/2024\/03\/AdobeStock_194835852-768x512.jpeg 768w, https:\/\/callexpert.eu\/wp-content\/uploads\/2024\/03\/AdobeStock_194835852-1536x1024.jpeg 1536w, https:\/\/callexpert.eu\/wp-content\/uploads\/2024\/03\/AdobeStock_194835852-2048x1366.jpeg 2048w\" sizes=\"(max-width: 1024px) 100vw, 1024px\" \/><\/figure><div class=\"wp-block-media-text__content\">\n<ul>\n<li class=\"has-small-font-size\"><strong>V\u00e1ls\u00e1gkezel\u00e9s<\/strong>: S\u00fcrg\u0151s esem\u00e9nyek vagy v\u00e1ls\u00e1ghelyzetek kezel\u00e9se, gyors \u00e9s hat\u00e9kony kommunik\u00e1ci\u00f3 az \u00e9rintett felekkel.<\/li>\n\n\n\n<li class=\"has-small-font-size\"><strong>Loyalty programok<\/strong>: H\u0171s\u00e9gprogramok kezel\u00e9se, bele\u00e9rtve az \u00fcgyfelek jutalmaz\u00e1s\u00e1t \u00e9s a h\u0171s\u00e9g\u00fck fenntart\u00e1s\u00e1ra ir\u00e1nyul\u00f3 tev\u00e9kenys\u00e9gek koordin\u00e1l\u00e1s\u00e1t.<\/li>\n\n\n\n<li class=\"has-small-font-size\"><strong>Adatgy\u0171jt\u00e9s \u00e9s -elemz\u00e9s<\/strong>: Az \u00fcgyf\u00e9l-interakci\u00f3kb\u00f3l sz\u00e1rmaz\u00f3 adatok gy\u0171jt\u00e9se \u00e9s elemz\u00e9se, amely seg\u00edti a v\u00e1llalatokat a szolg\u00e1ltat\u00e1sok jav\u00edt\u00e1s\u00e1ban \u00e9s az \u00fcgyf\u00e9l-el\u00e9gedetts\u00e9g n\u00f6vel\u00e9s\u00e9ben.<\/li>\n<\/ul>\n<\/div><\/div>\n\n\n\n<hr class=\"wp-block-separator has-text-color has-vivid-cyan-blue-color has-alpha-channel-opacity has-vivid-cyan-blue-background-color has-background\"\/>\n\n\n\n<p class=\"has-text-align-center has-black-color has-vivid-cyan-blue-background-color has-text-color has-background has-link-color wp-elements-2fdb963ed5bfbec4a4c43aab18a570f1\"><strong><a href=\"https:\/\/callexpert.eu\/?page_id=100\" target=\"_blank\" rel=\"noreferrer noopener\">Ha felkeltett\u00fck az \u00e9rdekl\u0151d\u00e9s\u00e9t keressenek az el\u00e9rhet\u0151s\u00e9geink egyik\u00e9n !!!<\/a><\/strong><\/p>\n","protected":false},"excerpt":{"rendered":"<p>A call center szolg\u00e1ltat\u00e1s egy olyan \u00fczleti megold\u00e1s, amely lehet\u0151v\u00e9 teszi a v\u00e1llalatok sz\u00e1m\u00e1ra, hogy hat\u00e9konyan kezelj\u00e9k a telefonos, esetenk\u00e9nt elektronikus (pl. e-mail, chat) \u00fcgyf\u00e9lkapcsolataikat .Ezek a k\u00f6zpontok kulcsfontoss\u00e1g\u00faak az \u00fcgyf\u00e9lszolg\u00e1lat, a technikai t\u00e1mogat\u00e1s, az \u00e9rt\u00e9kes\u00edt\u00e9s, a piacon val\u00f3 jelenl\u00e9t \u00e9s az \u00fcgyf\u00e9lkapcsolatok kezel\u00e9s\u00e9ben. A call center szolg\u00e1ltat\u00e1sok sz\u00e9les sk\u00e1l\u00e1j\u00e1t fedik le, az \u00fcgyf\u00e9lszolg\u00e1latt\u00f3l kezdve<br \/><a class=\"btn btn-theme post-btn\" href=\"https:\/\/callexpert.eu\/?page_id=123\">Read More<\/a><\/p>\n","protected":false},"author":1,"featured_media":0,"parent":0,"menu_order":0,"comment_status":"closed","ping_status":"closed","template":"templates\/fullwidth.php","meta":{"om_disable_all_campaigns":false,"_monsterinsights_skip_tracking":false,"_monsterinsights_sitenote_active":false,"_monsterinsights_sitenote_note":"","_monsterinsights_sitenote_category":0,"footnotes":""},"aioseo_notices":[],"_links":{"self":[{"href":"https:\/\/callexpert.eu\/index.php?rest_route=\/wp\/v2\/pages\/123"}],"collection":[{"href":"https:\/\/callexpert.eu\/index.php?rest_route=\/wp\/v2\/pages"}],"about":[{"href":"https:\/\/callexpert.eu\/index.php?rest_route=\/wp\/v2\/types\/page"}],"author":[{"embeddable":true,"href":"https:\/\/callexpert.eu\/index.php?rest_route=\/wp\/v2\/users\/1"}],"replies":[{"embeddable":true,"href":"https:\/\/callexpert.eu\/index.php?rest_route=%2Fwp%2Fv2%2Fcomments&post=123"}],"version-history":[{"count":28,"href":"https:\/\/callexpert.eu\/index.php?rest_route=\/wp\/v2\/pages\/123\/revisions"}],"predecessor-version":[{"id":499,"href":"https:\/\/callexpert.eu\/index.php?rest_route=\/wp\/v2\/pages\/123\/revisions\/499"}],"wp:attachment":[{"href":"https:\/\/callexpert.eu\/index.php?rest_route=%2Fwp%2Fv2%2Fmedia&parent=123"}],"curies":[{"name":"wp","href":"https:\/\/api.w.org\/{rel}","templated":true}]}}