{"id":99,"date":"2024-01-28T16:04:11","date_gmt":"2024-01-28T15:04:11","guid":{"rendered":"https:\/\/callexpert.eu\/?page_id=99"},"modified":"2024-03-20T19:50:37","modified_gmt":"2024-03-20T18:50:37","slug":"virtualis-alkozpontok","status":"publish","type":"page","link":"https:\/\/callexpert.eu\/?page_id=99","title":{"rendered":"Virtu\u00e1lis Alk\u00f6zpontok"},"content":{"rendered":"\n<p class=\"has-text-align-center has-black-color has-text-color has-link-color has-small-font-size wp-elements-ea83a3d93f6b49e775f88c547fe4f537\">A virtu\u00e1lis alk\u00f6zpont (virtual call center) egy olyan \u00fcgyf\u00e9lszolg\u00e1lati megold\u00e1s, amely lehet\u0151v\u00e9 teszi munkat\u00e1rsainak, hogy fizikailag sz\u00e9tsz\u00f3rt helysz\u00ednekr\u0151l \u2013 gyakran otthonr\u00f3l vagy b\u00e1rmilyen t\u00e1voli helysz\u00ednr\u0151l dolgozzanak, csatlakozva egy k\u00f6zponti rendszerhez interneten kereszt\u00fcl.. Ez a megk\u00f6zel\u00edt\u00e9s modern technol\u00f3gi\u00e1t haszn\u00e1l a hagyom\u00e1nyos, fizikailag k\u00f6zpontos\u00edtott call centerek helyettes\u00edt\u00e9s\u00e9re vagy kieg\u00e9sz\u00edt\u00e9s\u00e9re, \u00e9s sz\u00e1mos el\u0151nyt k\u00edn\u00e1l a v\u00e1llalatok \u00e9s az alkalmazottak sz\u00e1m\u00e1ra egyar\u00e1nt.<\/p>\n\n\n\n<p class=\"has-text-align-center has-black-color has-vivid-cyan-blue-background-color has-text-color has-background has-link-color wp-elements-66ddfb8b64cceefa349a986d1851c7a7\"><strong>Milyen el\u0151ny\u0151kkel j\u00e1r egy virtu\u00e1lis alk\u00f6zpont?<\/strong><\/p>\n\n\n\n<div class=\"wp-block-media-text is-stacked-on-mobile is-image-fill has-black-color has-vivid-cyan-blue-background-color has-text-color has-background has-link-color wp-elements-75df21460d4f390874a7ad9e2ad76ef4\" style=\"grid-template-columns:44% auto\"><figure class=\"wp-block-media-text__media\" style=\"background-image:url(http:\/\/callexpert.eu\/wp-content\/uploads\/2024\/01\/dreamstime_xxl_88481535-1024x684.jpg);background-position:50% 50%\"><img loading=\"lazy\" decoding=\"async\" width=\"1024\" height=\"684\" src=\"http:\/\/callexpert.eu\/wp-content\/uploads\/2024\/01\/dreamstime_xxl_88481535-1024x684.jpg\" alt=\"\" class=\"wp-image-24 size-full\" srcset=\"https:\/\/callexpert.eu\/wp-content\/uploads\/2024\/01\/dreamstime_xxl_88481535-1024x684.jpg 1024w, https:\/\/callexpert.eu\/wp-content\/uploads\/2024\/01\/dreamstime_xxl_88481535-300x200.jpg 300w, https:\/\/callexpert.eu\/wp-content\/uploads\/2024\/01\/dreamstime_xxl_88481535-768x513.jpg 768w, https:\/\/callexpert.eu\/wp-content\/uploads\/2024\/01\/dreamstime_xxl_88481535-1536x1025.jpg 1536w, https:\/\/callexpert.eu\/wp-content\/uploads\/2024\/01\/dreamstime_xxl_88481535-2048x1367.jpg 2048w\" sizes=\"(max-width: 1024px) 100vw, 1024px\" \/><\/figure><div class=\"wp-block-media-text__content\">\n<ul>\n<li class=\"has-small-font-size\"><strong>Helyf\u00fcggetlens\u00e9g<\/strong>: A munkat\u00e1rsak b\u00e1rhol dolgozhatnak, ahol van stabil internetkapcsolat<\/li>\n\n\n\n<li class=\"has-small-font-size\"><strong>Rugalmas Munkav\u00e9gz\u00e9s<\/strong>: T\u00e1mogatja a t\u00e1voli munk\u00e1t, ami n\u00f6veli az alkalmazottak munk\u00e1val val\u00f3 el\u00e9gedetts\u00e9g\u00e9t<\/li>\n\n\n\n<li class=\"has-small-font-size\"><strong>Glob\u00e1lis Hozz\u00e1f\u00e9r\u00e9s<\/strong>: A virtu\u00e1lis alk\u00f6zpontok lehet\u0151v\u00e9 teszik a v\u00e1llalatok sz\u00e1m\u00e1ra, hogy glob\u00e1lisan m\u0171k\u00f6djenek<\/li>\n\n\n\n<li class=\"has-small-font-size\"><strong>K\u00f6lts\u00e9ghat\u00e9konys\u00e1g<\/strong>: Alacsonyabb \u00fczemeltet\u00e9si k\u00f6lts\u00e9gek, mivel nincs sz\u00fcks\u00e9g hagyom\u00e1nyos irodai infrastrukt\u00far\u00e1ra<\/li>\n\n\n\n<li class=\"has-small-font-size\"><strong>Gyors Sk\u00e1l\u00e1zhat\u00f3s\u00e1g<\/strong>: Lehet\u0151v\u00e9 teszi a v\u00e1llalatok sz\u00e1m\u00e1ra, hogy gyorsan n\u00f6velj\u00e9k vagy cs\u00f6kkents\u00e9k a m\u0171k\u00f6d\u00e9si kapacit\u00e1sukat<\/li>\n<\/ul>\n<\/div><\/div>\n\n\n\n<hr class=\"wp-block-separator has-alpha-channel-opacity\"\/>\n\n\n\n<p class=\"has-text-align-center has-black-color has-vivid-cyan-blue-background-color has-text-color has-background has-link-color wp-elements-e0e1fe841e647d8429fa8bfa625b3eb1\"><strong>Milyen szolg\u00e1ltat\u00e1sokat tartalmaz?<\/strong><\/p>\n\n\n\n<div class=\"wp-block-media-text is-stacked-on-mobile is-image-fill has-black-color has-vivid-cyan-blue-background-color has-text-color has-background has-link-color wp-elements-098b84634804d4c5676e44efd016206c\" style=\"grid-template-columns:44% auto\"><figure class=\"wp-block-media-text__media\" style=\"background-image:url(http:\/\/callexpert.eu\/wp-content\/uploads\/2024\/01\/iStock-1321779943-1024x576.jpg);background-position:50% 50%\"><img loading=\"lazy\" decoding=\"async\" width=\"1024\" height=\"576\" src=\"http:\/\/callexpert.eu\/wp-content\/uploads\/2024\/01\/iStock-1321779943-1024x576.jpg\" alt=\"\" class=\"wp-image-173 size-full\" srcset=\"https:\/\/callexpert.eu\/wp-content\/uploads\/2024\/01\/iStock-1321779943-1024x576.jpg 1024w, https:\/\/callexpert.eu\/wp-content\/uploads\/2024\/01\/iStock-1321779943-300x169.jpg 300w, https:\/\/callexpert.eu\/wp-content\/uploads\/2024\/01\/iStock-1321779943-768x432.jpg 768w, https:\/\/callexpert.eu\/wp-content\/uploads\/2024\/01\/iStock-1321779943-1536x864.jpg 1536w, https:\/\/callexpert.eu\/wp-content\/uploads\/2024\/01\/iStock-1321779943-2048x1152.jpg 2048w\" sizes=\"(max-width: 1024px) 100vw, 1024px\" \/><\/figure><div class=\"wp-block-media-text__content\">\n<ul>\n<li class=\"has-small-font-size\"><strong>IVR (Interakt\u00edv Hangv\u00e1lasz) <\/strong>&#8211; technol\u00f3gia lehet\u0151v\u00e9 teszi az \u00fcgyfelek sz\u00e1m\u00e1ra, hogy egy el\u0151re programozott men\u00fc seg\u00edts\u00e9g\u00e9vel hangutas\u00edt\u00e1sokkal vagy billenty\u0171zet bevitellel navig\u00e1ljanak<\/li>\n\n\n\n<li class=\"has-small-font-size\"><strong>H\u00edv\u00e1sr\u00f6gz\u00edt\u00e9s <\/strong>&#8211; <\/li>\n\n\n\n<li class=\"has-small-font-size\"><strong>Aut\u00f3matikus h\u00edv\u00e1s<\/strong>ok &#8211; lehet\u0151v\u00e9 teszi, hogy el\u0151re programozott szkriptek vagy \u00fczenetek alapj\u00e1n automatikusan h\u00edv\u00e1sokat kezdem\u00e9nyezzenek<\/li>\n\n\n\n<li class=\"has-small-font-size\"><strong>Virtu\u00e1lis telefonsz\u00e1mok<\/strong> &#8211; lehet\u0151v\u00e9 teszi, hogy t\u00f6bb koll\u00e9ga is kezelje ugyanazt a telefonsz\u00e1mot<\/li>\n\n\n\n<li class=\"has-small-font-size\"><strong>Kimutat\u00e1sok &#8211; <\/strong>ellen\u0151r\u00edzheti a kimen\u0151 bej\u00f6v\u0151, illetve az elveszett h\u00edv\u00e1sok mennyis\u00e9g\u00e9t<\/li>\n<\/ul>\n<\/div><\/div>\n\n\n\n<hr class=\"wp-block-separator has-alpha-channel-opacity\"\/>\n\n\n\n<p class=\"has-text-align-center has-black-color has-vivid-cyan-blue-background-color has-text-color has-background has-link-color has-medium-font-size wp-elements-9cb650b865be7e1b8a18aa6af1039368\"><strong>MINDEZ M\u00c1R HAVI 2000 FORINTT\u00d3L !!!!!!<\/strong><\/p>\n\n\n\n<hr class=\"wp-block-separator has-text-color has-vivid-red-color has-alpha-channel-opacity has-vivid-red-background-color has-background is-style-default\"\/>\n\n\n\n<p class=\"has-text-align-center has-white-color has-pale-cyan-blue-background-color has-text-color has-background has-link-color wp-elements-ecb5fc8e3fc9db13970173bfa5c86fab\"><strong><a href=\"https:\/\/callexpert.eu\/?page_id=100\" target=\"_blank\" rel=\"noopener\" title=\"Erl\u00e9rhet\u0151s\u00e9geink\">Ha felkeltett\u00fck az \u00e9rdekl\u0151d\u00e9s\u00e9t keressenek az el\u00e9rhet\u0151s\u00e9geink egyik\u00e9n !!!<\/a><\/strong><\/p>\n","protected":false},"excerpt":{"rendered":"<p>A virtu\u00e1lis alk\u00f6zpont (virtual call center) egy olyan \u00fcgyf\u00e9lszolg\u00e1lati megold\u00e1s, amely lehet\u0151v\u00e9 teszi munkat\u00e1rsainak, hogy fizikailag sz\u00e9tsz\u00f3rt helysz\u00ednekr\u0151l \u2013 gyakran otthonr\u00f3l vagy b\u00e1rmilyen t\u00e1voli helysz\u00ednr\u0151l dolgozzanak, csatlakozva egy k\u00f6zponti rendszerhez interneten kereszt\u00fcl.. Ez a megk\u00f6zel\u00edt\u00e9s modern technol\u00f3gi\u00e1t haszn\u00e1l a hagyom\u00e1nyos, fizikailag k\u00f6zpontos\u00edtott call centerek helyettes\u00edt\u00e9s\u00e9re vagy kieg\u00e9sz\u00edt\u00e9s\u00e9re, \u00e9s sz\u00e1mos el\u0151nyt k\u00edn\u00e1l a v\u00e1llalatok \u00e9s az<br \/><a class=\"btn btn-theme post-btn\" href=\"https:\/\/callexpert.eu\/?page_id=99\">Read More<\/a><\/p>\n","protected":false},"author":1,"featured_media":0,"parent":0,"menu_order":0,"comment_status":"closed","ping_status":"closed","template":"templates\/fullwidth.php","meta":{"om_disable_all_campaigns":false,"_monsterinsights_skip_tracking":false,"_monsterinsights_sitenote_active":false,"_monsterinsights_sitenote_note":"","_monsterinsights_sitenote_category":0,"footnotes":""},"aioseo_notices":[],"_links":{"self":[{"href":"https:\/\/callexpert.eu\/index.php?rest_route=\/wp\/v2\/pages\/99"}],"collection":[{"href":"https:\/\/callexpert.eu\/index.php?rest_route=\/wp\/v2\/pages"}],"about":[{"href":"https:\/\/callexpert.eu\/index.php?rest_route=\/wp\/v2\/types\/page"}],"author":[{"embeddable":true,"href":"https:\/\/callexpert.eu\/index.php?rest_route=\/wp\/v2\/users\/1"}],"replies":[{"embeddable":true,"href":"https:\/\/callexpert.eu\/index.php?rest_route=%2Fwp%2Fv2%2Fcomments&post=99"}],"version-history":[{"count":12,"href":"https:\/\/callexpert.eu\/index.php?rest_route=\/wp\/v2\/pages\/99\/revisions"}],"predecessor-version":[{"id":466,"href":"https:\/\/callexpert.eu\/index.php?rest_route=\/wp\/v2\/pages\/99\/revisions\/466"}],"wp:attachment":[{"href":"https:\/\/callexpert.eu\/index.php?rest_route=%2Fwp%2Fv2%2Fmedia&parent=99"}],"curies":[{"name":"wp","href":"https:\/\/api.w.org\/{rel}","templated":true}]}}